 - b. Suppose -21*u = -r*u + 46. What are the prime factors of u?
2, 23
Let g be 2 - 12/2 - 5*12. Let k = -10 - g. List the prime factors of k.
2, 3
Let a(r) = 4*r - 30. Let c be a(6). Let n be (-40)/((-2)/c*3). Let l = -7 - n. What are the prime factors of l?
3, 11
Let q = -40 + 44. Suppose 7*m - 150898 = -q*m. List the prime factors of (-2)/9 - m/(-171).
2, 5
Suppose 0 = 333*d - 198378 + 15228. Suppose -3*x - 2*u + 1105 = 0, 5*x - 3*u - 1859 = -2*u. Let w = d - x. What are the prime factors of w?
179
Suppose -159*f = -151*f - 378552. What are the prime factors of f?
3, 15773
Let p(d) = 2074*d - 289. Let c(l) = 43*l - 6. Let b(v) = -289*c(v) + 6*p(v). Let k be ((-2)/(-3))/((-1)/(-9)). What are the prime factors of b(k)?
2, 3, 17
Let o = -1315 + 1850. Suppose 18*z + o = 6079. What are the prime factors of z?
2, 7, 11
Suppose -58*n + 52*n = -24870. List the prime factors of n.
5, 829
Suppose -9*a + 6020 + 31330 = 0. List the prime factors of a.
2, 5, 83
Let t(u) = 3*u**3 - 10*u**2 - 3*u + 73. List the prime factors of t(9).
1423
Suppose -130*d + 135*d = 4010. Let v = 1316 - d. What are the prime factors of v?
2, 257
Suppose -2*v = r - 27696, 41533 = 3*v + 464*r - 468*r. What are the prime factors of v?
61, 227
Suppose 36*m - 2207628 = 32076. What are the prime factors of m?
2, 3, 10369
Suppose 5*l - 2*l - 6 = 0. Suppose 0*s - l*s = 0. Suppose 128 = 2*q - 4*y, s = 4*y - 2*y. List the prime factors of q.
2
Suppose 3*w + 21 = 0, -80*d - 161158 = -83*d - 2*w. List the prime factors of d.
2, 3, 11, 37
Let y be -1 + 0 + 7/((-49)/(-42)). Suppose y*a = 273 + 632. List the prime factors of a.
181
List the prime factors of (-1071441)/(-35) - (-2)/25*5.
11, 23
Let q be 0/(3 + -6) + 3. Suppose -4*f + q*d + 385 - 60 = 0, -2*d = 2*f - 180. List the prime factors of f.
5, 17
Suppose 2*y + 2*y - 532 = 2*q, 241 = -q - 3*y. Let j = -172 - q. Suppose 5*m - x = 98, -3*m + 2*x - j = -7*m. What are the prime factors of m?
2, 5
Let s(k) = 3*k**3 - 6*k**2 + 7*k. Let a be s(3). Let f = a + -38. What are the prime factors of 36/60 - (-664)/f?
67
Let v = 15149 + -7628. Suppose -15*m - v + 23241 = 0. What are the prime factors of m?
2, 131
Let z be (-18)/(-8)*((-35)/(-15) + -1). List the prime factors of (18/(-12)*-2)/(z/201).
3, 67
Let f be (7/(-21))/(2/(-114)). Suppose -3*a + 9 = 3*x, 4*x - f = 2*a + x. Let q = a - -26. What are the prime factors of q?
2, 3
Suppose -13 = -3*k + 2*k + 3*z, 0 = 4*k + 3*z + 8. Let i be k*(-27)/(-6)*(-12)/18. What are the prime factors of -4 - (-151 + 4 + i)?
2, 73
Suppose -59*d - 190392 + 794245 = -678453. List the prime factors of d.
2, 10867
Let q(x) = x**3 + 34*x**2 + 38*x + 389. What are the prime factors of q(-17)?
2, 3, 97
Let t(a) = 12*a**2 - 96*a - 348. List the prime factors of t(35).
2, 3, 229
Let g = 60554 + -41473. What are the prime factors of g?
19081
Suppose 15*y + 301648 = 49*y. List the prime factors of y.
2, 1109
Let x(n) = -7*n**3 - 5*n + 3. Suppose -16 = 4*y - 2*t - 4, -t = 4*y. Let f(v) = v**3 + v**2 + v. Let r(h) = y*x(h) - f(h). List the prime factors of r(2).
7
Suppose 2*x - 8 = -0*x, -5*r = 5*x + 70. List the prime factors of (-2)/(-3)*262*r/(-24).
131
Let v be (6/10)/((-19)/(-285)). Suppose -v = -3*b, -257 = -4*r + b + 488. What are the prime factors of r?
11, 17
Suppose -m + 5761 = 4*v, 243*v = 239*v - 4*m + 5752. List the prime factors of v.
11, 131
Suppose 2*m - 3652 = 5*f, 5*m - 2734 - 6291 = -5*f. List the prime factors of m.
1811
Suppose -23*d - 2*d + 83350 = 0. Suppose -3*w + 8290 = 5*h + 2*w, 2*h - d = 4*w. List the prime factors of h.
11, 151
Let g(r) = -13*r**2 + 4 - 5*r + 26*r**2 - 9*r**2. Let v be g(1). Suppose 3*x - 604 = 2*k, -k + v*k = -x + 212. List the prime factors of x.
2, 3, 17
Suppose x + 200 = 2*k, 5*k + 0*x + 2*x - 518 = 0. Let v be -3 + k/(((-18)/(-21))/(-3)). List the prime factors of (22/6)/((-20)/v).
2, 3, 11
Let d(l) = 161*l**3 - 9*l**2 + 55*l + 7. What are the prime factors of d(3)?
2, 7, 317
Suppose j - 3*y + 11 = 0, 0 = 3*j + 3*y - 5 - 22. Suppose -4*r - 1492 = -4*k, 3*k + 2*k + j*r = 1856. Let u = k + -254. List the prime factors of u.
2, 59
Let j(z) = -2*z**3 + 4*z**2 - 5. Let q be j(2). Let m(c) = -c + 2. Let a be m(5). What are the prime factors of a/q - (-21340)/100?
2, 107
Let f(u) = -121*u + 9075. What are the prime factors of f(-156)?
3, 7, 11
Suppose 6*d = 4*d + 10. Let h be 1 + 1/(5/d). Suppose 3*u - 246 = -2*u - h*o, u - o = 45. List the prime factors of u.
2, 3
Let g(r) = 8*r + 246. Let w be g(-30). Suppose -w*c + 9*c - 2040 = 0. List the prime factors of c.
2, 5, 17
Let c(b) = b + 48. Let q(w) = w**3 + 5*w**2 - 6*w + 7. Let r be q(-6). Suppose f = -3*k - r, 5*f = k + 4*k - 95. What are the prime factors of c(f)?
2
List the prime factors of 11 + 762230/21 - (-28)/21.
3, 7, 13, 19
Let f(k) = 308*k**3 + k**2 - 2. Let p be f(-1). Let y = p - -476. List the prime factors of y.
167
Suppose 92*n + 19*n - 653457 = 0. List the prime factors of n.
7, 29
Let q be (-18)/(3 - (4 + 0 + 0)). What are the prime factors of (307/(-3))/((-60)/q + 3)?
307
Let a = -19214 + 31622. List the prime factors of a.
2, 3, 11, 47
Let b = -9 + 15. Suppose 0 = -b*d + 11*d + 90. List the prime factors of d/90 - 822/(-10).
2, 41
Let u(w) = -6*w**2 - 49*w - 11. Let k be u(-7). Suppose -39*t = -k*t - 808. List the prime factors of t.
2, 101
Suppose -3*s = -3*r - s + 3814, 0 = -4*r - s + 5100. Suppose 0 = 4*j + 3*j - r. List the prime factors of j.
2, 7, 13
Suppose 34*a + 2*a + 81*a = 1775358. List the prime factors of a.
2, 3, 281
Suppose -182658 - 895342 = -40*i. What are the prime factors of i?
2, 5, 7, 11
Suppose 18*g - 13*g = 0. Suppose g = 2*o + c - 509, 0 - 2 = -2*c. List the prime factors of o.
2, 127
Let l = 119 + -105. Suppose 19*d - 12*d - l = 0. Suppose 4*s + 20 = 0, 2*p + d*s = -s + 369. What are the prime factors of p?
2, 3
Suppose -4*k = -203 - 253. Let h = k + -110. Suppose 0*t = 2*o + 3*t - 59, -98 = -h*o - 2*t. List the prime factors of o.
2, 11
Let q(u) = 4*u**2 - u + 2. Let y be q(3). Let k = y - 31. Suppose 4*x - 3*n = -0*x + 119, 3*n - 137 = -k*x. What are the prime factors of x?
2
Let w(g) = 39*g + 2. Let h be (-38)/(-95) - -43*(-2)/(-10). What are the prime factors of w(h)?
353
Suppose l = 4*j - 149, -7*l + 8*l + 194 = -5*j. Let m = l - -294. What are the prime factors of m?
5
Let f = 229 + -223. List the prime factors of -15*(111/(-5) - f).
3, 47
Let c be ((-1)/(4 - -1))/(3/(-7485)). Suppose 0 = z - 71 - c. List the prime factors of z.
2, 3, 5, 19
Let y(m) = m**2 - 3*m - 1. Suppose 26 = 9*h - 118. Let d = h - 3. What are the prime factors of y(d)?
3, 43
Let k(t) = 218*t**2 + 36*t - 107. What are the prime factors of k(6)?
73, 109
Let r = 70 - 68. Suppose -5*s + 3721 = 2*c, -4*c - 5*s = -r*s - 7463. List the prime factors of c.
2, 467
Let n(m) = -106*m**3 + 12*m**2 + m - 5. List the prime factors of n(-4).
6967
Let t = 12458 + -3283. List the prime factors of t.
5, 367
Let j(m) = m**3 - 10*m**2 - 12*m + 1. Suppose 37 = -3*i + 70. Let s be j(i). What are the prime factors of 2*46 + 0/s?
2, 23
Let t = 1501 + 1195. What are the prime factors of t?
2, 337
Let w(k) = 2*k**2 + 13*k + 13. Let i(q) = 3*q**2 + 19*q + 19. Let a(b) = -5*i(b) + 7*w(b). Let d be a(-1). What are the prime factors of (d + -3)*656/(-64)?
41
Suppose -v = -7*s + 331324, 43*v = -4*s + 39*v + 189360. What are the prime factors of s?
11, 13, 331
Let z(u) = -u**2 + 13*u + 11. Suppose 5*q + 156 + 59 = 0. Let f be q/(-4) + 11/(-4) + 3. List the prime factors of z(f).
3, 11
Let v = 58 - 53. Suppose -1116 = 9*m - v*m. Let j = m - -405. List the prime factors of j.
2, 3, 7
Suppose 128 = -4*h - 400. Let d = h + 95. Let o = 117 - d. What are the prime factors of o?
2, 7, 11
Let u(k) be the second derivative of -7*k + 0 + 7/2*k**2 - 5/2*k**3. List the prime factors of u(-1).
2, 11
Let q be (-1)/(-2)*(-2 + 8). Suppose -47 + 16 = -5*z - 3*m, -3*z + 11 = -2*m. Suppose -t - 3*t + 282 = 3*p, -z*t - 309 = -q*p. List the prime factors of p.
2, 7
Let w be 164/((-51)/(-15) - 3). Suppose 5 = m, 2*z = 7*z - 5*m + 5. Suppose -4*h - 56 = 2*o - 456, 0 = -z*h + 3*o + w. What are the prime factors of h?
101
Let w(g) be the first derivative of 11*g**4 - 7*g**3/3 + g**2/2 + g + 159. What are the prime factors of w(3)?
1129
Let t(m) = -m**2 + 